{"id":102,"date":"2019-02-14T18:36:13","date_gmt":"2019-02-14T18:36:13","guid":{"rendered":"https:\/\/www.touzeau-odon.fr\/?page_id=102"},"modified":"2019-03-30T16:45:22","modified_gmt":"2019-03-30T16:45:22","slug":"negociation-immobiliere-tarifs","status":"publish","type":"page","link":"https:\/\/www.touzeau-odon.fr\/index.php\/negociation-immobiliere-tarifs\/","title":{"rendered":"Tarifs"},"content":{"rendered":"\n<p><u>Tarifs r\u00e9glement\u00e9s (\u00e9moluments) :<\/u><\/p>\n\n\n\n<p>Les tarifs sont r\u00e9glement\u00e9s par l\u2019arr\u00eat\u00e9 du 26 f\u00e9vrier 2016 publi\u00e9 au Journal Officiel du 28 f\u00e9vrier 2016&nbsp;:&nbsp;<a aria-label=\" (s\u2019ouvre dans un nouvel onglet)\" href=\"https:\/\/www.legifrance.gouv.fr\/eli\/arrete\/2016\/2\/26\/EINC1605792A\/jo\" target=\"_blank\" rel=\"noreferrer noopener\">www.legifrance.gouv.fr<\/a><\/p>\n\n\n\n<p><u>Tarifs non r\u00e9glement\u00e9s (honoraires) :<\/u><\/p>\n\n\n\n<p>Promesses unilat\u00e9rales de vente : 150,00\u20ac HT soit 180,00\u20ac TTC<\/p>\n\n\n\n<p>N\u00e9gociation : application du bar\u00e8me suivant au prix de vente :<\/p>\n\n\n\n<p>Tranche de 0 \u00e0 100.000,00\u20ac : 5% TTC<\/p>\n\n\n\n<p>Au-del\u00e0 de 100.000,00\u20ac : 3% TTC<\/p>\n\n\n\n<p>Statuts de&nbsp;soci\u00e9t\u00e9&nbsp;(si apports en num\u00e9raire uniquement) : 750,00\u20ac HT soit 900\u20ac TTC<\/p>\n\n\n\n<p>Cession de fonds de commerce : 2,5% HT du prix de cession avec un minimum de 1.800,00\u20ac HT soit 2.160,00\u20ac TTC<\/p>\n\n\n\n<p>Bail commercial : 1 terme de loyer avec un minimum de 750,00\u20ac HT soit 900,00\u20ac TTC<\/p>\n\n\n\n<p>Cession de droit au bail : 1% HT du prix de cession avec un minimum de 1.300,00\u20ac HT soit 1.560,00\u20ac TTC<\/p>\n","protected":false},"excerpt":{"rendered":"<p>Tarifs r\u00e9glement\u00e9s (\u00e9moluments) : Les tarifs sont r\u00e9glement\u00e9s par l\u2019arr\u00eat\u00e9 du 26 f\u00e9vrier 2016 publi\u00e9 au Journal Officiel du 28 f\u00e9vrier 2016&nbsp;:&nbsp;www.legifrance.gouv.fr Tarifs non r\u00e9glement\u00e9s (honoraires) : Promesses unilat\u00e9rales de vente : 150,00\u20ac HT soit 180,00\u20ac TTC N\u00e9gociation : application du bar\u00e8me suivant au prix de vente : Tranche de 0 \u00e0 100.000,00\u20ac : 5%<\/p>\n<div><a class=\"btn-filled btn\" href=\"https:\/\/www.touzeau-odon.fr\/index.php\/negociation-immobiliere-tarifs\/\" title=\"Tarifs\">Lire la suite<\/a><\/div>\n","protected":false},"author":1,"featured_media":0,"parent":0,"menu_order":0,"comment_status":"closed","ping_status":"closed","template":"","meta":{"footnotes":""},"class_list":["post-102","page","type-page","status-publish","hentry"],"_links":{"self":[{"href":"https:\/\/www.touzeau-odon.fr\/index.php\/wp-json\/wp\/v2\/pages\/102","targetHints":{"allow":["GET"]}}],"collection":[{"href":"https:\/\/www.touzeau-odon.fr\/index.php\/wp-json\/wp\/v2\/pages"}],"about":[{"href":"https:\/\/www.touzeau-odon.fr\/index.php\/wp-json\/wp\/v2\/types\/page"}],"author":[{"embeddable":true,"href":"https:\/\/www.touzeau-odon.fr\/index.php\/wp-json\/wp\/v2\/users\/1"}],"replies":[{"embeddable":true,"href":"https:\/\/www.touzeau-odon.fr\/index.php\/wp-json\/wp\/v2\/comments?post=102"}],"version-history":[{"count":24,"href":"https:\/\/www.touzeau-odon.fr\/index.php\/wp-json\/wp\/v2\/pages\/102\/revisions"}],"predecessor-version":[{"id":246,"href":"https:\/\/www.touzeau-odon.fr\/index.php\/wp-json\/wp\/v2\/pages\/102\/revisions\/246"}],"wp:attachment":[{"href":"https:\/\/www.touzeau-odon.fr\/index.php\/wp-json\/wp\/v2\/media?parent=102"}],"curies":[{"name":"wp","href":"https:\/\/api.w.org\/{rel}","templated":true}]}}